mon factor of v and 45?
45
Suppose -h + 45 = 3*j + 2*j, -118 = -2*h + 4*j. What is the highest common divisor of h and 55?
55
Suppose 5*c - 98 = -q, -4*c + 0*c - 3*q + 85 = 0. Suppose -163*r = -154*r - 1881. Calculate the greatest common divisor of r and c.
19
Let i be (-2)/(-17) + 57/(-51). Let r be (4 - (-128)/(-2))*1/i. Calculate the highest common factor of 30 and r.
30
Let c = 1101 + -717. Suppose -2*k = 6*k - c. Calculate the greatest common divisor of 120 and k.
24
Let y(d) = -d**3 + 4*d**2 + d - 1. Let g be y(4). Let c be 190/(-45) + 4 + 112/18. Calculate the greatest common factor of c and g.
3
Let c = 15 + -21. Let l be (5 - (-3 - c)) + 0. What is the highest common divisor of 6 and l?
2
Let t(w) = w**3 - 7*w**2 + 6*w + 6. Let k be t(6). Let c = 44 + -44. Let f = 6 - c. Calculate the greatest common divisor of k and f.
6
Let i = 752 + -745. Calculate the greatest common divisor of 133 and i.
7
Suppose -2*d + 5 - 3 = 0. Let v be -34*3/(-30) - 14/35. Let b(y) = y**3 - 5*y**2 + 5*y + 4. Let g be b(v). Calculate the highest common factor of g and d.
1
Suppose 3*d + 52 = 2*k - 53, 4*k - 3*d = 213. What is the highest common divisor of 12 and k?
6
Let a be 384/48*(-299)/(-2). What is the greatest common divisor of 92 and a?
92
Let q be -10*(1 - (-1105)/(-25)). What is the highest common factor of q and 16?
16
Let m(g) = -g + 98. Let f be m(0). Let i = 98 + -84. Calculate the greatest common factor of i and f.
14
Let t(h) = 2*h**2 - 2*h - 7. Let d be t(-6). Let q(x) = x**2 - 2*x - 4. Let v be q(4). Let y = v + 7. Calculate the greatest common divisor of y and d.
11
Suppose x - 1 = 1. Suppose -5 - 1 = -x*h. Suppose -h*r + 44 = -s, 0 = s + 3 + 2. Calculate the highest common divisor of r and 26.
13
Suppose -4*x = 4, 796 = 4*d + x + 3*x. Calculate the greatest common factor of 175 and d.
25
Let l = 330 - 313. Let z be (4 - 2 - 53)/(-1). Calculate the highest common factor of z and l.
17
Suppose 4*h - 10*o = -12*o + 686, 323 = 2*h + 5*o. What is the greatest common factor of h and 928?
58
Let d = 10 - -1. Suppose h = -3 + d. Calculate the highest common factor of h and 1.
1
Suppose -3*d + 4*d - 49 = -3*l, 0 = -5*l + 10. Let x = 131 - d. Calculate the highest common divisor of x and 8.
8
Let z(k) = 7*k. Let c(m) = 15*m + 1. Let l(b) = -4*c(b) + 9*z(b). Let t be l(4). Let u be 2*10*22/t. What is the highest common factor of u and 11?
11
Suppose -3*x = h - 271, 33 = -2*x + h + 207. Let j = x - 81. Calculate the greatest common factor of 8 and j.
8
Let y(i) = i + 10. Let s be y(0). Let t(g) = -2*g**2 + 96*g - 84. Let m be t(47). Calculate the highest common divisor of m and s.
10
Suppose -4*j = -5*w + 116, 0 = w - 4*w + j + 71. Let q = 41 + w. What is the highest common factor of q and 26?
13
Let d be ((-8)/2)/(3/(-12)). Let s = -15 + d. Suppose s = k - 4. What is the greatest common divisor of 15 and k?
5
Suppose -4*z = -97 + 1. Calculate the greatest common divisor of z and 1032.
24
Suppose -k = 2*c - 3*k - 48, -2*k - 92 = -4*c. Calculate the greatest common divisor of 374 and c.
22
Let k = 3 - -18. Calculate the highest common divisor of k and 434.
7
Let u(s) = s**3 - 6*s**2 + s + 6. Let o be u(6). Let z be 95 + o/3 + -8. Calculate the highest common factor of z and 13.
13
Let r be -5 + -2 + 378/3. Calculate the greatest common factor of r and 28.
7
Let c(k) = 1 - k**3 - 1 - 10*k**2 - k + 2. Let i be c(-10). Suppose a = 20 - 8. What is the greatest common factor of i and a?
12
Let c = -6 - -74. What is the highest common divisor of c and 340?
68
Suppose 0 = i - 15 + 5. Suppose 3*g + 3*d = 1018 - 304, -i = -5*d. Let l be g/6 + (-6)/(-9). What is the highest common factor of l and 100?
20
Suppose -8*d - 7 = -39. Suppose -d*g - 439 = -x, 2*g = -8 - 0. What is the highest common factor of 47 and x?
47
Let f(v) = 53*v - 22. Let c be f(10). Suppose -2*x = -5*b + c, 4 = b + 3*x - 84. Let d be 3/15 + (-198)/(-10). Calculate the highest common divisor of d and b.
20
Suppose 5*g + 172 = 697. Let n = -18 - -24. Let s = n - -9. What is the highest common divisor of g and s?
15
Let t(b) = b**3 - b**2 + 8. Let y be t(0). Let r be (4 - y - 30)*1. Let n be 0 + -3 - (1 + r). What is the highest common divisor of 6 and n?
6
Let k = 12 + -9. Suppose 0 = -2*u + k*u + 4*z - 45, u - z - 20 = 0. Calculate the greatest common divisor of u and 100.
25
Let n(t) = -23*t - 97. Let w be n(-14). Calculate the highest common factor of 300 and w.
75
Suppose -1560 = -4*g + 4*a, 5*g = -2*a + 6*a + 1954. Let v = g - 274. What is the greatest common factor of 15 and v?
15
Let g = 7 - 2. Suppose x + y = 2*y + 3, 0 = -g*y. What is the highest common divisor of 3 and x?
3
Let g be 23 + (5 - 11) - 3. What is the highest common divisor of 14 and g?
14
Suppose 0 = n - 70 - 135. Calculate the highest common factor of n and 5.
5
Let v = 81 + -42. Let b = v + 66. What is the highest common factor of b and 15?
15
Suppose 3*j - 2*z = 2*z + 90, 4*z = -2*j + 60. Suppose -16 = -5*h + 9, 0 = 4*g + 2*h - 70. What is the highest common factor of j and g?
15
Suppose -56 = n - 8*n. Calculate the highest common factor of 632 and n.
8
Suppose -622 = -4*x - 2*y - 50, -x + 143 = 2*y. Calculate the greatest common factor of x and 377.
13
Let a be (132/30)/((-3)/(-90)). What is the greatest common factor of a and 33?
33
Suppose -18*b = -53*b + 5040. Calculate the greatest common divisor of 612 and b.
36
Let b be -2*(0 - (-1)/(-2)). Suppose -4*o + 7 = -b. Suppose 0 = -o*s + 101 + 11. What is the greatest common factor of s and 8?
8
Let n be (4/(-8) - 4)/(6/40). Let b = n + 46. What is the highest common factor of 112 and b?
16
Let n(s) = -s**3 + s**2 + 11*s. Let p be n(4). Let u be 30/p*-1*(-294)/(-9). Calculate the highest common factor of 35 and u.
35
Suppose -4*v = -1961 + 457. Calculate the greatest common factor of 94 and v.
94
Suppose 7*i - 15 = 2*i. Let y be (-4 - -7)*(-14)/6. Let l = -4 - y. Calculate the greatest common factor of i and l.
3
Suppose -5*l + 351 = -3*m, 2*l = -0*l + 2*m + 142. Let s = l - 14. What is the highest common divisor of s and 11?
11
Let t(k) = -2*k - 17. Let i be t(-4). Let z = i - -23. Calculate the greatest common factor of z and 112.
14
Suppose -3*h + 852 = -o, 2*o + 3*o + 270 = h. Suppose 2*j - 176 = -4*q, -5*j + 736 = -q + h. Calculate the highest common divisor of j and 10.
10
Let t be -15*(-10)/(8*3/132). What is the highest common factor of t and 33?
33
Let p(r) = -r - 15. Let d be p(-16). Suppose -c = -2*c + d. Calculate the greatest common factor of 8 and c.
1
Let k(w) = 6*w**2 + 7*w - 27. Let c be k(3). Let x = -5 + 9. Suppose 0 = -x*d + 34 + 94. What is the highest common divisor of c and d?
16
Let h = -142 + 232. What is the greatest common divisor of 80 and h?
10
Let d = 253 - 204. Calculate the greatest common divisor of d and 84.
7
Let l = -372 + 876. Suppose -4*f - 3*f + l = 0. What is the highest common divisor of f and 48?
24
Let v be 24 + 6*(-1)/(-2). Calculate the highest common factor of 18 and v.
9
Let a = 35 + 20. Suppose -35*t = -39*t - 28. Let g(n) = n**3 + 9*n**2 + 10*n - 6. Let d be g(t). Calculate the highest common divisor of a and d.
11
Let i = 11 - 8. Suppose 0 = i*b + 11 - 44. Let c = -242 + 341. Calculate the greatest common factor of c and b.
11
Let b = 3 - -27. Suppose -5 + b = 5*t. Calculate the greatest common divisor of t and 10.
5
Let l(a) = -3*a + 40. Let i be l(13). Let y(h) = -2*h**2 + 15*h + 10. Let g be y(8). What is the highest common divisor of g and i?
1
Let f = 28 - 27. Let v be (14 - 6) + f*-2. Let b(a) = a + 3. Let l be b(v). Calculate the highest common divisor of l and 18.
9
Let i(r) = 27*r**2 + 2*r - 1. Let y be i(1). Suppose x = -935 + 942. Calculate the highest common divisor of x and y.
7
Suppose 872 = 2*i + 2*i - 2*a, -i - 5*a = -196. Let f = i - 133. Suppose f + 225 = 2*p. What is the greatest common factor of 14 and p?
14
Suppose 0 = 4*a - 5*d - 1, -7 = -4*a - 0*d + 3*d. Let u = 50 + a. Calculate the highest common divisor of u and 6.
6
Suppose -2*t = 3*t. Suppose t = 3*i + 169 - 439. Calculate the greatest common divisor of i and 18.
18
Let l be (44/(-6))/(3 - 22/6). Let x(r) = 2*r**2 - 4*r - 4. Let f be x(-4). What is the greatest common factor of f and l?
11
Suppose -24 = 4*q + 24. Let w = 22 + q. Calculate